{"id":262,"date":"2019-05-16T19:59:55","date_gmt":"2019-05-16T19:59:55","guid":{"rendered":"http:\/\/www.tir-annonay.fr\/?page_id=262"},"modified":"2026-01-30T19:52:00","modified_gmt":"2026-01-30T19:52:00","slug":"le-comite-directeur","status":"publish","type":"page","link":"https:\/\/www.tir-annonay.fr\/?page_id=262","title":{"rendered":"Le Comit\u00e9 Directeur"},"content":{"rendered":"\n<h2 class=\"wp-block-heading\">Le Comit\u00e9 Directeur:<\/h2>\n\n\n\n<div class=\"wp-block-media-text alignwide\" style=\"grid-template-columns:26% auto\"><figure class=\"wp-block-media-text__media\"><img loading=\"lazy\" decoding=\"async\" width=\"294\" height=\"373\" src=\"https:\/\/www.tir-annonay.fr\/wp-content\/uploads\/2019\/05\/JA.png\" alt=\"\" class=\"wp-image-263 size-full\" srcset=\"https:\/\/www.tir-annonay.fr\/wp-content\/uploads\/2019\/05\/JA.png 294w, https:\/\/www.tir-annonay.fr\/wp-content\/uploads\/2019\/05\/JA-236x300.png 236w\" sizes=\"auto, (max-width: 294px) 100vw, 294px\" \/><\/figure><div class=\"wp-block-media-text__content\">\n<p class=\"has-medium-font-size\"><strong>Pr\u00e9sident: <\/strong><em><strong>ALLOUAT<\/strong><\/em><strong> <\/strong><em><strong>J\u00e9r\u00f4me <\/strong><\/em><strong> <\/strong><\/p>\n<\/div><\/div>\n\n\n\n<div class=\"wp-block-media-text alignwide has-media-on-the-right\" style=\"grid-template-columns:auto 24%\"><div class=\"wp-block-media-text__content\">\n<p class=\"has-medium-font-size\"><strong>Vice-Pr\u00e9sident:<\/strong> <strong><em>ASTIC-MAZET<\/em><\/strong> <strong><em>Jean-Louis<\/em><\/strong><\/p>\n<\/div><figure class=\"wp-block-media-text__media\"><img loading=\"lazy\" decoding=\"async\" width=\"285\" height=\"444\" src=\"https:\/\/www.tir-annonay.fr\/wp-content\/uploads\/2019\/05\/JLA.png\" alt=\"\" class=\"wp-image-264 size-full\" srcset=\"https:\/\/www.tir-annonay.fr\/wp-content\/uploads\/2019\/05\/JLA.png 285w, https:\/\/www.tir-annonay.fr\/wp-content\/uploads\/2019\/05\/JLA-193x300.png 193w\" sizes=\"auto, (max-width: 285px) 100vw, 285px\" \/><\/figure><\/div>\n\n\n\n<div class=\"wp-block-media-text alignwide has-media-on-the-right\" style=\"grid-template-columns:auto 24%\"><div class=\"wp-block-media-text__content\">\n<p class=\"has-medium-font-size\"><strong>Vice-Pr\u00e9sident:<\/strong> <strong><em>GARNIER Robert<\/em><\/strong><\/p>\n<\/div><figure class=\"wp-block-media-text__media\"><img loading=\"lazy\" decoding=\"async\" width=\"390\" height=\"603\" src=\"https:\/\/www.tir-annonay.fr\/wp-content\/uploads\/2019\/05\/RG.png\" alt=\"\" class=\"wp-image-265 size-full\" srcset=\"https:\/\/www.tir-annonay.fr\/wp-content\/uploads\/2019\/05\/RG.png 390w, https:\/\/www.tir-annonay.fr\/wp-content\/uploads\/2019\/05\/RG-194x300.png 194w\" sizes=\"auto, (max-width: 390px) 100vw, 390px\" \/><\/figure><\/div>\n\n\n\n<ul class=\"wp-block-list\">\n<li><strong>DARIOT Jocelyne <em>(Secr\u00e9taire)<\/em><\/strong><\/li>\n\n\n\n<li><strong>DARIOT Christian <em>(Secr\u00e9taire adjoint)<\/em><\/strong><\/li>\n\n\n\n<li><strong>DRAPPER Richard<em> (Tr\u00e9sorier)<\/em><\/strong><\/li>\n\n\n\n<li><strong>ITHIER Jean-Marie <em>(Tr\u00e9sorier adjoint)<\/em><\/strong><\/li>\n\n\n\n<li><strong>BATOLOGG Laurent<\/strong><\/li>\n\n\n\n<li><strong>CAUSSE S\u00e9bastien<\/strong><\/li>\n\n\n\n<li><strong>GAMOLTHIP Pongsakdi<\/strong><\/li>\n\n\n\n<li><strong>GARNIER Philippe<\/strong><\/li>\n\n\n\n<li><strong>GRANGE C\u00e9dric<\/strong><\/li>\n\n\n\n<li><strong>LOTTE Jean-pol<\/strong><\/li>\n\n\n\n<li><strong>MARIN Laurent<\/strong><\/li>\n\n\n\n<li><strong>RAMOS Denis<\/strong><\/li>\n\n\n\n<li><strong>WILSIUS Alain<\/strong><\/li>\n\n\n\n<li><strong>WILSIUS Sandrine<\/strong><\/li>\n<\/ul>\n","protected":false},"excerpt":{"rendered":"<p>Le Comit\u00e9 Directeur: Pr\u00e9sident: ALLOUAT J\u00e9r\u00f4me Vice-Pr\u00e9sident: ASTIC-MAZET Jean-Louis Vice-Pr\u00e9sident: GARNIER Robert<\/p>\n","protected":false},"author":3,"featured_media":0,"parent":0,"menu_order":0,"comment_status":"closed","ping_status":"closed","template":"","meta":{"_mc_calendar":[],"footnotes":""},"class_list":["post-262","page","type-page","status-publish","hentry"],"aioseo_notices":[],"_links":{"self":[{"href":"https:\/\/www.tir-annonay.fr\/index.php?rest_route=\/wp\/v2\/pages\/262","targetHints":{"allow":["GET"]}}],"collection":[{"href":"https:\/\/www.tir-annonay.fr\/index.php?rest_route=\/wp\/v2\/pages"}],"about":[{"href":"https:\/\/www.tir-annonay.fr\/index.php?rest_route=\/wp\/v2\/types\/page"}],"author":[{"embeddable":true,"href":"https:\/\/www.tir-annonay.fr\/index.php?rest_route=\/wp\/v2\/users\/3"}],"replies":[{"embeddable":true,"href":"https:\/\/www.tir-annonay.fr\/index.php?rest_route=%2Fwp%2Fv2%2Fcomments&post=262"}],"version-history":[{"count":6,"href":"https:\/\/www.tir-annonay.fr\/index.php?rest_route=\/wp\/v2\/pages\/262\/revisions"}],"predecessor-version":[{"id":1784,"href":"https:\/\/www.tir-annonay.fr\/index.php?rest_route=\/wp\/v2\/pages\/262\/revisions\/1784"}],"wp:attachment":[{"href":"https:\/\/www.tir-annonay.fr\/index.php?rest_route=%2Fwp%2Fv2%2Fmedia&parent=262"}],"curies":[{"name":"wp","href":"https:\/\/api.w.org\/{rel}","templated":true}]}}