{"id":1208,"date":"2023-10-04T20:16:52","date_gmt":"2023-10-04T20:16:52","guid":{"rendered":"https:\/\/www.tir-annonay.fr\/?page_id=1208"},"modified":"2025-11-02T18:00:10","modified_gmt":"2025-11-02T18:00:10","slug":"compte-eden","status":"publish","type":"page","link":"https:\/\/www.tir-annonay.fr\/?page_id=1208","title":{"rendered":"Compte EDEN"},"content":{"rendered":"\n<p><strong>Etape obligatoire : Activez votre compte EDEN:<\/strong><\/p>\n\n\n\n<ol class=\"wp-block-list\">\n<li>Rendez-vous sur le site: <a href=\"https:\/\/eden.fftir.org\/\">https:\/\/eden.fftir.org\/<\/a><\/li>\n\n\n\n<li>Sur l\u2019\u00e9cran d\u2019accueil, <strong>cliquer sur \u201cActiver votre compte\u201d<\/strong><\/li>\n<\/ol>\n\n\n\n<figure class=\"wp-block-image is-resized\"><img decoding=\"async\" src=\"https:\/\/lh6.googleusercontent.com\/cEYcCC0lfgh3IU_qy-yTuFJRwL8IXGTWQ9I0TvBMO-C2ct3rvhX1oz5QBEUigQDp552TdX9H3cUzIIu_giA_ExQACjnM5RbOtC0K8FHnF1Na4_wjP-l8VbCHHwVLgghYpo_d5gKpd1v6rjGsg5NgsC8\" alt=\"\" style=\"width:440px;height:264px\"\/><\/figure>\n\n\n\n<ol start=\"3\" class=\"wp-block-list\">\n<li>Puis renseigner votre <strong>n\u00b0 de licence<\/strong> et votre <strong>adresse mail<\/strong> <strong>que vous nous avez fourni <\/strong>et valider:<\/li>\n<\/ol>\n\n\n\n<figure class=\"wp-block-image is-resized\"><img decoding=\"async\" src=\"https:\/\/lh6.googleusercontent.com\/AuEJCP0hehAgb5O04_Hs-w1EQXbyPTCyTtKxDPv8HmVanSjT8wObUvRTFiez1JEhMMFhVdE5-DkOwkWCnVHj-E8qMLjzqYIVbv0gqY_iRhvayYig0obd5_d9OvxpIHrRsphpnfwzQZb8HuhUu2Aw2K0\" alt=\"\" style=\"width:436px;height:369px\"\/><\/figure>\n\n\n\n<ol start=\"4\" class=\"wp-block-list\">\n<li>Puis <strong>cliquer sur le lien re\u00e7u par mail <\/strong>pour d\u00e9finir un mot de passe, avec votre n\u00b0 de licence.<\/li>\n<\/ol>\n\n\n\n<p><em>Vous aurez ainsi acc\u00e8s \u00e0 votre profil pour mettre \u00e0 jour photo, coordonn\u00e9es, t\u00e9l\u00e9charger votre licence, d\u00e9poser votre prochain certificat m\u00e9dical, etc\u2026<\/em><\/p>\n\n\n\n<p><strong>T\u00e9l\u00e9charger sa licence:<\/strong> sur votre profil, cliquer sur les 3 traits en haut \u00e0 gauche pour d\u00e9velopper le menu, et aller sur \u00ab\u00a0Ma licence\u00a0\u00bb:<\/p>\n\n\n\n<figure class=\"wp-block-image size-full is-resized\"><img loading=\"lazy\" decoding=\"async\" width=\"475\" height=\"332\" src=\"https:\/\/www.tir-annonay.fr\/wp-content\/uploads\/2025\/11\/image.png\" alt=\"\" class=\"wp-image-1667\" style=\"width:209px;height:auto\" srcset=\"https:\/\/www.tir-annonay.fr\/wp-content\/uploads\/2025\/11\/image.png 475w, https:\/\/www.tir-annonay.fr\/wp-content\/uploads\/2025\/11\/image-300x210.png 300w\" sizes=\"auto, (max-width: 475px) 100vw, 475px\" \/><\/figure>\n\n\n\n<p>Puis cliquer sur \u00ab\u00a0T\u00e9l\u00e9charger la licence au format badge\u00a0\u00bb. Vous pouvez ainsi la stocker dans vos photos favorites sur votre t\u00e9l\u00e9phone en cas de besoin (pour justifier le transport d&rsquo;une arme entre chez vous et le club par exemple).<\/p>\n\n\n\n<p><strong>Mettre \u00e0 jour son certificat m\u00e9dical<\/strong>: dans le menu, aller sur \u00ab\u00a0Mes informations\u00a0\u00bb, et choisir \u00ab\u00a0Mettre \u00e0 jour\u00a0\u00bb:<\/p>\n\n\n\n<figure class=\"wp-block-image size-full is-resized\"><img loading=\"lazy\" decoding=\"async\" width=\"610\" height=\"473\" src=\"https:\/\/www.tir-annonay.fr\/wp-content\/uploads\/2025\/11\/image-1.png\" alt=\"\" class=\"wp-image-1668\" style=\"width:277px;height:auto\" srcset=\"https:\/\/www.tir-annonay.fr\/wp-content\/uploads\/2025\/11\/image-1.png 610w, https:\/\/www.tir-annonay.fr\/wp-content\/uploads\/2025\/11\/image-1-300x233.png 300w\" sizes=\"auto, (max-width: 610px) 100vw, 610px\" \/><\/figure>\n\n\n\n<p><\/p>\n\n\n\n<ol start=\"4\" class=\"wp-block-list\"><\/ol>\n","protected":false},"excerpt":{"rendered":"<p>Etape obligatoire : Activez votre compte EDEN: Vous aurez ainsi acc\u00e8s \u00e0 votre profil pour mettre \u00e0 jour photo, coordonn\u00e9es, t\u00e9l\u00e9charger votre licence, d\u00e9poser votre prochain certificat m\u00e9dical, etc\u2026 T\u00e9l\u00e9charger sa licence: sur votre profil, cliquer sur les 3 traits en haut \u00e0 gauche pour d\u00e9velopper le menu, et aller sur \u00ab\u00a0Ma licence\u00a0\u00bb: Puis cliquer&hellip; <br \/> <a class=\"read-more\" href=\"https:\/\/www.tir-annonay.fr\/?page_id=1208\">Lire la suite<\/a><\/p>\n","protected":false},"author":3,"featured_media":0,"parent":0,"menu_order":0,"comment_status":"closed","ping_status":"closed","template":"","meta":{"_mc_calendar":[],"footnotes":""},"class_list":["post-1208","page","type-page","status-publish","hentry"],"aioseo_notices":[],"_links":{"self":[{"href":"https:\/\/www.tir-annonay.fr\/index.php?rest_route=\/wp\/v2\/pages\/1208","targetHints":{"allow":["GET"]}}],"collection":[{"href":"https:\/\/www.tir-annonay.fr\/index.php?rest_route=\/wp\/v2\/pages"}],"about":[{"href":"https:\/\/www.tir-annonay.fr\/index.php?rest_route=\/wp\/v2\/types\/page"}],"author":[{"embeddable":true,"href":"https:\/\/www.tir-annonay.fr\/index.php?rest_route=\/wp\/v2\/users\/3"}],"replies":[{"embeddable":true,"href":"https:\/\/www.tir-annonay.fr\/index.php?rest_route=%2Fwp%2Fv2%2Fcomments&post=1208"}],"version-history":[{"count":4,"href":"https:\/\/www.tir-annonay.fr\/index.php?rest_route=\/wp\/v2\/pages\/1208\/revisions"}],"predecessor-version":[{"id":1672,"href":"https:\/\/www.tir-annonay.fr\/index.php?rest_route=\/wp\/v2\/pages\/1208\/revisions\/1672"}],"wp:attachment":[{"href":"https:\/\/www.tir-annonay.fr\/index.php?rest_route=%2Fwp%2Fv2%2Fmedia&parent=1208"}],"curies":[{"name":"wp","href":"https:\/\/api.w.org\/{rel}","templated":true}]}}